-5
Evaluate (0 + 9 - (-3 + 10)) + 5.
7
Evaluate -1 + 15 + (-29 - -14).
-1
What is 3 + 1 - (158 + -145) - -38?
29
2 - (5 + -12 + (5 - 5))
9
17 + -2 + 2 + -18 + 21 + 4
24
What is the value of 5 + -2 + (-30 + 9 - (0 + -13))?
-5
Evaluate 5 + (8 + -15 - 5) + -4.
-11
Evaluate -4 - (-20 + 6) - (-17 + -4).
31
What is -53 + 124 + -74 - (2 + 0)?
-5
What is the value of (0 - -1) + (6 - (17 + -5 - 5))?
0
Calculate -3 + 14 + (0 - 13 - -3 - -7).
8
What is the value of (-9 - -3) + (-3 - -2) - 10?
-17
Calculate (11 - -8 - 14) + -19.
-14
Evaluate (-8 - (1 + -6)) + -3 - -6 - 7.
-7
(3 - 12) + -1 + 1 - (-27 - -43)
-25
(46 - 41 - (14 - -1)) + 6
-4
Calculate (-11 - (6 + -23)) + -15 - (9 - 6).
-12
What is the value of (7 - (-2 - (-3 - 0))) + -248 + 230?
-12
Evaluate 44 - 50 - (2 + -3).
-5
(-13 - -40 - (-8 - 10)) + -18
27
Evaluate 2 + 0 + (166 - 145).
23
Calculate -13 + 19 - (-8 - (-6 - 17)).
-9
Calculate 10394 - 10399 - (30 - (1 - 1)).
-35
What is (12 - (0 + 9)) + (3 - 2) - 2?
2
2 + 8 + -8 - -10
12
What is (4 - (-1 + (15 - 22))) + (0 - 7)?
5
What is 19 - (4 + -2 + -5 + (-9 - -18))?
13
What is -10 - (-18 - -8 - -13)?
-13
Evaluate (47 - (-11 + 43)) + (0 - -1).
16
(17 - (5 + 2)) + -12
-2
Calculate (2 - 15) + -292 + 281.
-24
Evaluate -4 + -10 + 9 + (9 - 6).
-2
Evaluate (19 + -10 - -7) + -1.
15
What is -3 + (1 + 3 - (-7 + 25))?
-17
What is 1 - (9 + 3 - 5) - (5 - 0)?
-11
What is the value of -1 - (8 - (19 + (-4 - -6))) - 4?
8
What is 1 - (1 + 16 + -9 + -19) - 7?
5
Calculate 19 - (33 + -14 + -3).
3
Evaluate -8 - ((-6 - -26) + -7).
-21
What is the value of 22 + 13 + (-10 + -4 - -6) + -9?
18
Calculate 4 - 10 - (-29 + 17).
6
Calculate -5 - (13 - 40 - -17).
5
Calculate (-29 - -21) + (35 - (8 - -3)).
16
What is (2 - 5) + (10 - (-18 - -35))?
-10
-19 + (23 - (-21 - -18))
7
What is 7 + -22 + 8 + 4?
-3
What is the value of -5 - -16 - 3 - 12?
-4
-6 + (1 - -10) + 20 + -19
6
Calculate 1 + -1 + -9 + (-57 - 9 - -97).
22
Evaluate 13 - (24 - (14 - 19)).
-16
Evaluate (8 - (1 - 4)) + (2 - -1).
14
What is (8 - 2 - 1) + -1 + 41 + -28?
17
What is 3 - (-9 + 3 + 1 + -19 + 44)?
-17
Calculate 3 - (18 + -12 - -7).
-10
Evaluate -38 + 41 - (1 + -11) - 1.
12
What is the value of (37 - -2) + -38 + (49 - 29)?
21
What is -11 - (-17 - -8 - ((3 - 2) + -3))?
-4
3 + (5 - 0 - (-6 - -1) - 3)
10
4 - -12 - (20 - 9)
5
What is 36 + -4 + -19 - 32?
-19
What is the value of 1 - 32 - (-790 - -771)?
-12
What is the value of (-395 - -371) + (42 - -2)?
20
-82 - (-56 - (-54 - -42))
-38
What is the value of (7 - 12) + 3 - 4 - -16?
10
What is the value of -6 + 9 + -33 + 16 + 11?
-3
Evaluate 17 - (29 - 13 - 4) - 8.
-3
What is the value of 8 + (-12 - 9) + 12 + -14?
-15
What is (-1 - -26) + -1074 + 1078?
29
Evaluate -4 - -2 - (-1 + (1 - 2) + -1).
1
-3 + 1 + (11 - (-9 + 15))
3
Evaluate -423 - -423 - (-2 + 20 + 2).
-20
What is the value of 1 + 0 - ((-10 - (5 + -17)) + 11)?
-12
Calculate (-15 - (-21 - -10)) + -7.
-11
Calculate (2 + 1 - 0) + -3 + 5 + 4.
9
Calculate 0 + (-4 - -5) + (-9 - -4) + 15.
11
Calculate (47 - 40) + (12 - 1) - -12.
30
What is 1 - (-9 - (6 - 15))?
1
Calculate -7 + 3 + 18 + -4 - 21.
-11
What is (-2 + (7 - 4) + 9 - 4) + -7?
-1
Evaluate -12 - (21 + -14 + 0).
-19
Evaluate (-4 - -14) + -14 - -2 - (9 - -1).
-12
What is the value of 3 + (-9 - -13 - 6 - -25) - 7?
19
Calculate -7 + (-10 - (8 + -17) - 4) + -9.
-21
What is the value of 23 - 5 - ((8 - 13) + (1 - -9))?
13
What is the value of -1 - 0 - (1 - 3) - (446 + -439)?
-6
Evaluate 48 + 0 - (214 + -196).
30
What is the value of (3 - (3 - 1)) + 1851 + -1832?
20
Evaluate -5 + -13 + 5 - -31.
18
What is (16 - 1) + -2 + (-352 - -350)?
11
What is the value of 2 + 1 + 3 + (9 - 8) - 0?
7
What is the value of (-5 - (9 + -5)) + (19 - -5)?
15
Calculate (-14 - -1) + (-7 - (-5 + -3)).
-12
What is the value of 5 + 1 + 98 + -107?
-3
Calculate (2 + -17 - (-10 + 21 - 9)) + 8.
-9
What is 6 + -10 + 20 + -16?
0
Calculate 0 + -8 - (-206 + 202).
-4
What is the value of -79 + (104 + -26 - 35)?
-36
What is the value of (-3 - -5) + (12 - 37 - -1)?
-22
What is 23 + 0 - (6 - -5)?
12
What is the value of (-3 + 3 - (9 - 14)) + -5 + -5?
-5
Evaluate -41 + 32 - (-2 - 28) - 3.
18
Calculate -3 + -5 + -17 + 27.
2
What is the value of -1029 - -1009 - (0 - 1)?
-19
What is the value of -18 + ((3 - 2) + -3 - (6 - 12))?
-14
Calculate -7 + (2 - (5 - -6)) - (-3 + 0).
-13
Evaluate 1 + -5 - (116 - 137) - (5 + 1).
11
1 + (55 - 46 - (-1 - -7)) + 27
31
Calculate (-11 - -6) + 25 + (-19 - -13).
14
What is -11 + (6 - 5) + (14 - 14)?
-10
Evaluate 0 - -1 - 6 - (56 + -31 - 52).
22
Evaluate -29 + 20 - (-32 - -19).
4
Calculate -4 + (-6 - (1 - 3 - 2) - -16).
10
What is the value of 2 + -18 - (2 + 4 + -12)?
-10
What is the value of (-2 - 6 - (-5 + 12 + -17)) + -9?
-7
What is the value of (-8 + -10 + 11 - (-3 + 1)) + -6?
-11
What is -250 + 239 - (0 + 4 - 35)?
20
2 + 5 + -7 + -6
-6
What is 2 + 8 + 4 - (6 - 17)?
25
21 + (15 - (37 - 36))
35
Calculate -17 + (-9 - (-17 - -15 - 6)).
-18
Evaluate 0 + -1 + (22 - (12 + -11)) + -6.
14
What is 17 + 1 + (-18 - -10) + -38?
-28
What is the value of 0 + -3 + 9 - (-2 + (-22 - -32))?
-2
Evaluate (-11 - -1) + 1 - (-54 + 118 - 90).
17
What is -4 + -7 - (5 + 2 - 8)?
-10
What is the value of (-14 - -14) + (2 - 10)?
-8
Evaluate (6 + -11 - -4) + 9 + -14.
-6
(-25 + 18 - 13) + 6
-14
Calculate (-2 - -10) + -12 + 34 + -20.
10
What is -1 + 3 + (14 + -29 - -9)?
-4
Calculate 7 + -29 + (4 - 9).
-27
(15 - 8) + (3 - 21)
-11
What is the value of 0 + (-11 - -13) - (-3 + 2)?
3
Evaluate 12 + -6 - (5 - (-8 - -4)) - -2.
-1
Evaluate 8 + -18 + 11 + 5 + -3.
3
Calculate 13 + -11 + 14 + (-38 - 7).
-29
(147 + -140 - (2 - -11)) + 15
9
What is (14 - 14) + (4 - 9) - (-25 + 1)?
19
Evaluate 15 + -1 + 302 + -332.
-16
Calculate 34 - 41 - (-1 + 2 - 11).
3
Evaluate 27 - 38 - (-10 + -8).
7
Calculate -1753 + 1767 + (3 - 4) + -1 + 5.
17
-10 + (-23 - -18 - (-1 + (-2 - -1)))
-13
What is (14 + -35 - -51) + -19?
11
What is the value of (14 - (-3 + 0) - 8) + (-52 - -38)?
-5
What is the value of -1 + 3 + (-13 - -14)?
3
1 - (11 - (4 - -14))
8
Calculate 0 - 0 - -4 - (-22 - (49 - 102)).
-27
What is the value of -12 + (-18 - -7 - -43) - -5?
25
What is 6 + -7 + (-2 - 26) + (-4 - -7)?
-26
What is -29 + (-38 - -24 - -47)?
4
What is 22 + -10 - (51 - 24)?
-15
1 - ((9 + -6 - -5) + 8)
-15
What is the value of (0 + 2 - (2 + 5)) + (-53 - -54)?
-4
7 - (-7 - -13) - (-8 - -2) - -7
14
What is 7 - 2 - (-1 + -3 + 1)?
8
What is the value of (25 - 6) + (33 - 36)?
16
What is the value of -12 + 0 + 36 + -28?
-4
What is 1 + (-3 - 3) + (6 - 4 - -13)?
10
Calculate -6 + (-1 - (-2 + 5) - (9 - 6)).
-13
What is the value of -2 + (1 - 1 - (7 - (2 - -12)))?
5
26 + (2 - 38) - (-5 + 0)
-5
What is -6 + (-28 - (8 - 18))?
-24
What is -2 + (11 - 10) - -14 - 34?
-21
What is 1 - ((9 - -2) + -8) - 1?
-3
What is the value of 8 - (25 + (-2 - (9 - 6)))?
-12
(9 - 0) + -35 + 58 + -17
15
Evaluate -8 + (7 - -17) - (7 - (2 + -5)).
6
What is the value of 16 + (-14 - (-10 + 14)) - -8?
6
What is the value of 11 + -4 - (1 - -21 - 2)?
-13
Calculate (35 - (2 + 15)) + -22.
-4
What is 6 - -12 - (-6 - -5)?
19
What is (-1 - -12 - (-68 - -68)) + -11 + 33?
33
8 + (7 - -12) + -21
6
What is the value of -2 - (0 + 3) - (17 + -13)?
-9
What is the value of (1 - 2) + -9 + 2 + 14?
6
11 + (1 - 13 - (-4 - 3)) - 0
6
Evaluate (14 - 10) + (5 + -5 - 1).
3
What is the value of 42 + 32 + -25 + -37?
12
Evaluate (-13 - 3) + (69 - 60).
-7
What is (-9 - -2) + (43 - 28 - 21)?
-13
Evaluate 11 + 17 + 19 + (-3 - 2) + -4.
38
Calculate 1 - (-2 - 2) - (1832 + -1808).
-19
2 + -27 + 19 + 5
-1
Evaluate -4 + 19 + -5 + 0.
10
What is the value of -4 + 2 - ((-27 - -29) + -20)?
16
Evaluate 0 + -8 - (1585 + -1624).
31
Calculate 2 + 11 - ((8 - 3) + (4 - -3)).
1
Calculate -1267 + 1260 + 12 + (1 - 1).
5
Calculate 19 - (2 + 15 + -8) - -3.
13
(13 - (-2 - 7 - -29)) + (-4 - 0)
-11
What is 0 + (-6 - -6) + (3 - 5)?
-2
What is (1 - (16 + -10)) + 6?
1
26 + (1 - 18) - (-4 + -3 + -9)
25
Calculate -29 + -13 + -11 + 45.
-8
What is the value of -12 + (-8 + 8 - -7)?
-5
Evaluate 1 + -32 - (-11 + 17 - 9).
-28
What is 2 - (3 - (-4 + 5) - -4 - 2)?
-2
Evaluate 27 - -10 - (-19 - -48).
8
Evaluate (-4 - (2 + 0 + -3)) + (-26 - -37).
8
What is the value of 1 + (35 - (-31 + 42))?
25
Evaluate (-6 - 2) + 1 + 6 + -1 + -1.
-3
(-1 - -5 - 6) + 9 + -3
4
What i